{"id":111,"date":"2017-02-09T13:49:17","date_gmt":"2017-02-09T12:49:17","guid":{"rendered":"https:\/\/www.pirate-bowling.com\/bowling\/?page_id=111"},"modified":"2017-08-14T13:23:13","modified_gmt":"2017-08-14T11:23:13","slug":"bistro-cocktailbar","status":"publish","type":"page","link":"https:\/\/www.pirate-bowling.com\/bowling\/pirate-bowling\/bistro-cocktailbar\/","title":{"rendered":"Bistro &#8211; Cocktailbar"},"content":{"rendered":"<p><strong>Ein ganz besonderes Gef\u00fchl ist es, an der Piratenbar zu sitzen.<\/strong><\/p>\n\n\t\t<div id='gallery-1' class='gallery galleryid-111 gallery-columns-5 gallery-size-200 gallery1'><script type=\"text\/javascript\">\r\n\/\/ <![CDATA[\r\n\tjQuery(document).ready(function () {\r\n\t\tjQuery(\".gallery1 a\").attr(\"rel\",\"gallery1\");\t\r\n\t\tjQuery('a[rel=\"gallery1\"]').colorbox({maxWidth:\"95%\", maxHeight:\"95%\",title: function(){ return jQuery(this).children().attr(\"alt\"); }, });\r\n\t});\r\n\/\/ ]]>\r\n<\/script>\n<figure class=\"gallery-item\">\n<div class=\"gallery-icon\">\r\n<a href=\"https:\/\/www.pirate-bowling.com\/bowling\/wp-content\/uploads\/2017\/02\/Pirate-Bowling_013.jpg\" title=\"\" rel=\"gallery1\"><img loading=\"lazy\" decoding=\"async\" src=\"https:\/\/www.pirate-bowling.com\/bowling\/wp-content\/uploads\/2017\/02\/Pirate-Bowling_013.jpg\" width=\"1200\" height=\"800\" alt=\"\" \/><\/a>\r\n<\/div><\/figure><figure class=\"gallery-item\">\n<div class=\"gallery-icon\">\r\n<a href=\"https:\/\/www.pirate-bowling.com\/bowling\/wp-content\/uploads\/2017\/02\/Pirate-Bowling_008.jpg\" title=\"\" rel=\"gallery1\"><img loading=\"lazy\" decoding=\"async\" src=\"https:\/\/www.pirate-bowling.com\/bowling\/wp-content\/uploads\/2017\/02\/Pirate-Bowling_008.jpg\" width=\"1200\" height=\"800\" alt=\"\" \/><\/a>\r\n<\/div><\/figure><figure class=\"gallery-item\">\n<div class=\"gallery-icon\">\r\n<a href=\"https:\/\/www.pirate-bowling.com\/bowling\/wp-content\/uploads\/2017\/02\/Pirate-Bowling_018.jpg\" title=\"\" rel=\"gallery1\"><img loading=\"lazy\" decoding=\"async\" src=\"https:\/\/www.pirate-bowling.com\/bowling\/wp-content\/uploads\/2017\/02\/Pirate-Bowling_018.jpg\" width=\"1200\" height=\"800\" alt=\"\" \/><\/a>\r\n<\/div><\/figure><figure class=\"gallery-item\">\n<div class=\"gallery-icon\">\r\n<a href=\"https:\/\/www.pirate-bowling.com\/bowling\/wp-content\/uploads\/2017\/02\/Pirate-Bowling_005.jpg\" title=\"\" rel=\"gallery1\"><img loading=\"lazy\" decoding=\"async\" src=\"https:\/\/www.pirate-bowling.com\/bowling\/wp-content\/uploads\/2017\/02\/Pirate-Bowling_005.jpg\" width=\"1200\" height=\"800\" alt=\"\" \/><\/a>\r\n<\/div><\/figure><figure class=\"gallery-item\">\n<div class=\"gallery-icon\">\r\n<a href=\"https:\/\/www.pirate-bowling.com\/bowling\/wp-content\/uploads\/2017\/02\/Pirate-Bowling_004.jpg\" title=\"\" rel=\"gallery1\"><img loading=\"lazy\" decoding=\"async\" src=\"https:\/\/www.pirate-bowling.com\/bowling\/wp-content\/uploads\/2017\/02\/Pirate-Bowling_004.jpg\" width=\"1200\" height=\"800\" alt=\"\" \/><\/a>\r\n<\/div><\/figure><figure class=\"gallery-item\">\n<div class=\"gallery-icon\">\r\n<a href=\"https:\/\/www.pirate-bowling.com\/bowling\/wp-content\/uploads\/2017\/02\/Pirate-Bowling_049.jpg\" title=\"\" rel=\"gallery1\"><img loading=\"lazy\" decoding=\"async\" src=\"https:\/\/www.pirate-bowling.com\/bowling\/wp-content\/uploads\/2017\/02\/Pirate-Bowling_049.jpg\" width=\"1200\" height=\"800\" alt=\"\" \/><\/a>\r\n<\/div><\/figure><figure class=\"gallery-item\">\n<div class=\"gallery-icon\">\r\n<a href=\"https:\/\/www.pirate-bowling.com\/bowling\/wp-content\/uploads\/2017\/02\/Pirate-Bowling_023.jpg\" title=\"\" rel=\"gallery1\"><img loading=\"lazy\" decoding=\"async\" src=\"https:\/\/www.pirate-bowling.com\/bowling\/wp-content\/uploads\/2017\/02\/Pirate-Bowling_023.jpg\" width=\"1200\" height=\"800\" alt=\"\" \/><\/a>\r\n<\/div><\/figure><figure class=\"gallery-item\">\n<div class=\"gallery-icon\">\r\n<a href=\"https:\/\/www.pirate-bowling.com\/bowling\/wp-content\/uploads\/2017\/02\/Pirate-Bowling_050.jpg\" title=\"\" rel=\"gallery1\"><img loading=\"lazy\" decoding=\"async\" src=\"https:\/\/www.pirate-bowling.com\/bowling\/wp-content\/uploads\/2017\/02\/Pirate-Bowling_050.jpg\" width=\"1200\" height=\"800\" alt=\"\" \/><\/a>\r\n<\/div><\/figure><figure class=\"gallery-item\">\n<div class=\"gallery-icon\">\r\n<a href=\"https:\/\/www.pirate-bowling.com\/bowling\/wp-content\/uploads\/2017\/02\/Pirate-Bowling_033.jpg\" title=\"\" rel=\"gallery1\"><img loading=\"lazy\" decoding=\"async\" src=\"https:\/\/www.pirate-bowling.com\/bowling\/wp-content\/uploads\/2017\/02\/Pirate-Bowling_033.jpg\" width=\"1200\" height=\"800\" alt=\"\" \/><\/a>\r\n<\/div><\/figure><figure class=\"gallery-item\">\n<div class=\"gallery-icon\">\r\n<a href=\"https:\/\/www.pirate-bowling.com\/bowling\/wp-content\/uploads\/2017\/02\/Pirate-Bowling_027.jpg\" title=\"\" rel=\"gallery1\"><img loading=\"lazy\" decoding=\"async\" src=\"https:\/\/www.pirate-bowling.com\/bowling\/wp-content\/uploads\/2017\/02\/Pirate-Bowling_027.jpg\" width=\"1200\" height=\"800\" alt=\"\" \/><\/a>\r\n<\/div><\/figure>\r\n\t\t<\/div>\n\n<p>Egal, ob hei\u00dfe oder kalte Getr\u00e4nke, mit oder ohne Alkohol: Sie finden den richtigen Drink.<\/p>\n<p>Und bekommen Sie Appetit, bestellen Sie sich etwas aus unserer Speisekarte.<\/p>\n<p>Leckere Cocktails, frisch zubereitet.<\/p>\n","protected":false},"excerpt":{"rendered":"<p>Ein ganz besonderes Gef\u00fchl ist es, an der Piratenbar zu sitzen. Egal, ob hei\u00dfe oder kalte Getr\u00e4nke, mit oder ohne Alkohol: Sie finden den richtigen Drink. Und bekommen Sie Appetit, &#8230;<\/p>\n","protected":false},"author":1,"featured_media":0,"parent":6,"menu_order":0,"comment_status":"closed","ping_status":"closed","template":"","meta":{"footnotes":""},"class_list":["post-111","page","type-page","status-publish","hentry"],"_links":{"self":[{"href":"https:\/\/www.pirate-bowling.com\/bowling\/wp-json\/wp\/v2\/pages\/111","targetHints":{"allow":["GET"]}}],"collection":[{"href":"https:\/\/www.pirate-bowling.com\/bowling\/wp-json\/wp\/v2\/pages"}],"about":[{"href":"https:\/\/www.pirate-bowling.com\/bowling\/wp-json\/wp\/v2\/types\/page"}],"author":[{"embeddable":true,"href":"https:\/\/www.pirate-bowling.com\/bowling\/wp-json\/wp\/v2\/users\/1"}],"replies":[{"embeddable":true,"href":"https:\/\/www.pirate-bowling.com\/bowling\/wp-json\/wp\/v2\/comments?post=111"}],"version-history":[{"count":6,"href":"https:\/\/www.pirate-bowling.com\/bowling\/wp-json\/wp\/v2\/pages\/111\/revisions"}],"predecessor-version":[{"id":225,"href":"https:\/\/www.pirate-bowling.com\/bowling\/wp-json\/wp\/v2\/pages\/111\/revisions\/225"}],"up":[{"embeddable":true,"href":"https:\/\/www.pirate-bowling.com\/bowling\/wp-json\/wp\/v2\/pages\/6"}],"wp:attachment":[{"href":"https:\/\/www.pirate-bowling.com\/bowling\/wp-json\/wp\/v2\/media?parent=111"}],"curies":[{"name":"wp","href":"https:\/\/api.w.org\/{rel}","templated":true}]}}